se 3) to base 4.
33112
What is a6 (base 15) in base 2?
10011100
Convert 1b77 (base 16) to base 2.
1101101110111
Convert 82 (base 15) to base 13.
95
-87658 (base 9) to base 13
-205c7
What is -4042 (base 5) in base 2?
-1000001010
What is 212402 (base 5) in base 16?
1c3b
Convert -79 (base 13) to base 9.
-121
What is -10001010011101011 (base 2) in base 6?
-1304111
What is 354 (base 9) in base 7?
565
-24c6 (base 16) to base 6
-111330
-641a (base 13) to base 2
-11011000111001
What is -264a (base 12) in base 7?
-15523
110c4 (base 15) to base 11
37789
What is 1550 (base 13) in base 2?
110000100011
110343 (base 5) to base 7
14135
What is 1222 (base 3) in base 8?
65
-151121 (base 6) to base 9
-21824
Convert 10233 (base 4) to base 13.
1a4
-1402 (base 6) to base 11
-2aa
3124230 (base 5) to base 9
78062
What is -250 (base 13) in base 6?
-1511
What is -21512 (base 6) in base 13?
-1496
Convert 2875 (base 9) to base 6.
14022
Convert -1155 (base 8) to base 9.
-760
What is -1020112010 (base 3) in base 5?
-1240223
What is -167 (base 12) in base 16?
-df
What is -506 (base 10) in base 14?
-282
-1e3 (base 15) to base 8
-666
1374 (base 9) to base 13
61c
30660 (base 8) to base 10
12720
Convert 31a5 (base 15) to base 9.
15362
What is -297 (base 14) in base 7?
-1350
What is -1000001001101100 (base 2) in base 6?
-414324
What is -530 (base 9) in base 10?
-432
Convert 106d (base 14) to base 9.
3806
Convert -125522 (base 6) to base 7.
-45641
245 (base 15) to base 4
20003
-10010011101 (base 2) to base 14
-605
-134512 (base 6) to base 13
-5a32
Convert a605 (base 14) to base 8.
67715
What is 2eae (base 15) in base 10?
10064
What is 7297 (base 10) in base 9?
11007
Convert -26235 (base 8) to base 10.
-11421
Convert -3043443 (base 5) to base 2.
-1100001011010001
Convert -2250 (base 8) to base 12.
-834
What is -241440 (base 6) in base 3?
-1001222020
Convert -656 (base 7) to base 4.
-11033
Convert -33212013 (base 4) to base 16.
-f987
-339 (base 16) to base 12
-589
What is 3161 (base 9) in base 2?
100100010011
What is 119 (base 14) in base 3?
22010
-1111 (base 5) to base 7
-312
What is -11f (base 16) in base 8?
-437
a (base 16) to base 9
11
3551 (base 11) to base 6
33314
Convert -2336 (base 8) to base 2.
-10011011110
82 (base 16) to base 13
a0
Convert -10122201 (base 3) to base 5.
-41130
What is 7bb (base 12) in base 7?
3233
Convert -8028 (base 13) to base 11.
-1225a
-309 (base 12) to base 11
-371
4323 (base 9) to base 11
2431
What is 159 (base 14) in base 10?
275
Convert 2100032 (base 5) to base 4.
20121120
1b868 (base 12) to base 14
10d0c
What is -914 (base 13) in base 3?
-2002222
b819 (base 13) to base 5
1304131
2031 (base 4) to base 2
10001101
2222 (base 4) to base 13
101
What is -40232 (base 7) in base 5?
-302400
Convert 314 (base 8) to base 2.
11001100
What is 1430 (base 12) in base 10?
2340
What is -89ac (base 15) in base 4?
-13020003
Convert 4111 (base 5) to base 14.
29d
What is -10100110001110 (base 2) in base 10?
-10638
7622 (base 14) to base 7
113342
What is 40211 (base 5) in base 13?
1218
What is 10446 (base 8) in base 16?
1126
Convert -bc00 (base 13) to base 6.
-321135
What is -4ab (base 15) in base 5?
-13221
What is -560 (base 9) in base 3?
-122000
Convert 62b6 (base 15) to base 12.
100b3
-c4a3 (base 14) to base 13
-12543
114110 (base 5) to base 13
1c43
-10011010010 (base 2) to base 11
-a22
What is 42b62 (base 12) in base 10?
88058
Convert 12428 (base 13) to base 4.
20032001
Convert -402222 (base 5) to base 10.
-12812
Convert 20526 (base 10) to base 4.
11000232
-2665 (base 9) to base 3
-2202012
Convert -5311 (base 12) to base 8.
-21575
Convert -9320 (base 10) to base 13.
-431c
What is 12a10 (base 12) in base 10?
25644
Convert 1151533 (base 6) to base 13.
21bb8
Convert -111100110110100 (base 2) to base 6.
-400124
5ab (base 14) to base 5
14011
-13332 (base 4) to base 13
-303
Convert 110000101 (base 2) to base 5.
3024
33130 (base 4) to base 5
12423
Convert -2671 (base 15) to base 8.
-20016
Convert -2f33 (base 16) to base 7.
-50141
-17b92 (base 12) to base 14
-c822
What is 513 (base 15) in base 5?
14033
What is -32a1 (base 14) in base 13?
-3cb3
Convert 32211 (base 5) to base 9.
2883
Convert -110110 (base 4) to base 8.
-2424
Convert -41b (base 14) to base 5.
-11214
Convert 233213 (base 4) to base 6.
22035
Convert -255 (base 8) to base 14.
-c5
-16643 (base 9) to base 8
-26304
Convert dd8 (base 15) to base 9.
4255
What is 6a9 (base 12) in base 9?
1323
What is 784d (base 15) in base 2?
110001110011010
What is 447 (base 10) in base 6?
2023
What is -133 (base 10) in base 12?
-b1
Convert -14404 (base 9) to base 16.
-264d
Convert b69b (base 13) to base 7.
133534
100010011 (base 2) to base 7
542
Convert -22034 (base 5) to base 14.
-7a7
Convert 200120 (base 4) to base 5.
31242
What is -58355 (base 10) in base 16?
-e3f3
48 (base 13) to base 10
60
What is -11000011011 (base 2) in base 16?
-61b
What is -100100111010000 (base 2) in base 13?
-87a7
22330 (base 6) to base 3
11022200
What is -112333 (base 5) in base 3?
-12121121
What is 118a (base 11) in base 14?
7ca
What is -16849 (base 10) in base 12?
-9901
138 (base 10) to base 11
116
2106 (base 12) to base 8
7026
Convert 5115 (base 8) to base 6.
20113
What is 635 (base 8) in base 4?
12131
-755 (base 9) to base 12
-435
Convert -89a (base 14) to base 12.
-ba0
-1010011001 (base 2) to base 11
-555
101201 (base 5) to base 10
3301
2726 (base 10) to base 6
20342
What is -2422100 (base 5) in base 14?
-126dd
-220220222 (base 3) to base 2
-100011011111010
Convert -a99 (base 15) to base 5.
-34034
What is -1330 (base 12) in base 9?
-3010
-15623 (base 12) to base 5
-1432032
101011001111101 (base 2) to base 5
1202031
Convert -10000010000110 (base 2) to base 13.
-3a36
Convert -2400 (base 7) to base 16.
-372
-21cb (base 14) to base 13
-2890
What is 837d (base 14) in base 3?
1011001221
Convert -805 (base 11) to base 16.
-3cd
Convert -194 (base 16) to base 13.
-251
-178 (base 16) to base 6
-1424
Convert -b66 (base 16) to base 6.
-21302
Convert 61e (base 15) to base 11.
1044
Convert -4517 (base 10) to base 4.
-1012211
Convert -307 (base 13) to base 6.
-2214
Convert 1000022 (base 3) to base 6.
3225
-3810 (base 12) to base 7
-24336
Convert 58 (base 9) to base 10.
53
Convert -2378 (base 11) to base 4.
-300212
What is -497 (base 14) in base 12?
-645
Convert 5752 (base 8) to base 14.
117c
-184 (base 14) to base 12
-220
What is 464 (base 14) in base 6?
4012
Convert -133034 (base 5) to base 13.
-25bc
What is 10111011000110 (base 2) in base 9?
17374
What is -8 (base 12) in base 7?
-11
-17a54 (base 11) to base 9
-37540
884 (base 16) to base 10
2180
Convert 1000100101 (base 2) to base 11.
45a
Convert 1116 (base 7) to base 13.
252
Convert 196 (base 14) to base 6.
1304
What is 2615 (base 12) in base 4?
1003301
What is 10100010011 (base 2) in base 8?
2423
What is -98 (base 16) in base 3?
-12122
What is -19238 (base 10) in base 15?
-5a78
What is -31c24 (base 13) in base 3?
-11120101001
What is -7638 (base 9) in base 13?
-2738
-111242 (base 5) to base 16
-f6b
-560 (base 9) to base 16
-1cb
Convert 56415 (base 8) to base 4.
11310031
What is -4766 (base 11) in base 4?
-1201203
What is 212102 (base 3) in base 5?
10012
Convert 1362 (base 14) to base 12.
1b8a
Convert -1290 (base 13) to base 8.
-5134
What is -1b89 (base 12) in base 2?
-110101011001
Convert -11cf (base 16) to base 9.
-6225
3530 (base 6) to base 11
6aa
Convert -11100001 (base 2) to base 8.
-341
10334 (base 8) to base 9
5825
What is 1219 (base 11) in base 7?
4434
11200012 (base 3) to base 2
110101001111
Convert 2202 (base 4) to base 13.
c6
Convert -41666 (base 7) to base 16.
-2831
Convert 10511 (base 6) to base 15.
68d
Convert -1132114 (base 5) to base 3.
-1001200102
Convert 1354 (base 12) to base 9.
3041
22122 (base 5) to base 15
6c7
Convert -12032 (base 10) to base 7.
-50036
What is 101100 (base 2) in base 8?
54
20212001 (base 3) to base 6
35044
What is -13932 (base 13) in base 16?
-8f6a
Convert 2010011 (base 4) to base 6.
103045
aaa2 (base 12) to base 10
18842
Convert 771 (base 14) to base 7.
4201
What is 5bb (base 14) in base 3?
1120102
Convert -374 (base 12) to base 5.
-4040
Convert -11724 (base 11) to base 7.
-100053
Convert 33021 (base 7) to base 8.
20067
What is -100100011110001 (base 2) in base 16?